{"id":1921,"date":"2026-05-15T14:25:17","date_gmt":"2026-05-15T12:25:17","guid":{"rendered":"https:\/\/www.buergerverein-mondorf.de\/?page_id=1921"},"modified":"2026-05-15T14:26:19","modified_gmt":"2026-05-15T12:26:19","slug":"jahreshauptversammlung","status":"publish","type":"page","link":"https:\/\/www.buergerverein-mondorf.de\/index.php\/veranstaltungen\/jahreshauptversammlung\/","title":{"rendered":"Jahreshauptversammlung"},"content":{"rendered":"\n<p><strong>JHV des B\u00fcrgerverein Mondorf. Frank L\u00fcrenbaum neuer Gesch\u00e4ftsf\u00fchrer, G\u00fcnter Korte verabschiedet.<br><\/strong><\/p>\n\n\n\n<p>Zum ersten Mal fand die Jahreshauptversammlung des B\u00fcrgerverein Mondorf in der Begegnungsst\u00e4tte f\u00fcr Seniorinnen und Senioren statt. Jens Babiak, 1. Vorsitzender des VFSSN und langj\u00e4hriges Vorstandsmitglied des BVM, pr\u00e4sentierte eine optimale Location f\u00fcr die Veranstaltung, die mit fast 60 Teilnehmern wieder sehr gut besucht war. Zu Beginn bedankte sich der 1. Vorsitzende Marko G\u00f6tsch bei den zahlreichen G\u00e4sten, unter denen sich auch Mitglieder des Ortsring Mondorf und die stellvertretende B\u00fcrgermeisterin Barbara L\u00fclsdorf befanden.<\/p>\n\n\n\n<p>Ein Lob galt der hervorragenden Zusammenarbeit mit dem Versch\u00f6nerungsverein Rheidt (VVR). Neben der gegenseitigen Unterst\u00fctzung bei Veranstaltungen erwarb man gemeinsam eine Fritteuse, um Kosten einzusparen. Weiterer Dank galt allen ehrenamtlichen Helfern und der Tr\u00e4nkergruppe, die f\u00fcr die Bew\u00e4sserung der vom B\u00fcrgerverein angelegten Pflanzk\u00fcbel zust\u00e4ndig ist und dies seit Jahren voller Freude erledigt. Mit aktuell 529 Mitgliedern ist ein weiteres Mal ein absoluter Vereinsrekord aufgestellt worden. Zu verdanken ist dies dem aktiven Werben in der \u00d6ffentlichkeit, unter Freunden, Bekannten, Arbeitskollegen usw. Sollten auch Sie Interesse an einer Mitgliedschaft haben, ein Anmeldeformular findet sich auf der Homepage (<a href=\"http:\/\/www.buergerverein-mondorf.de\" data-type=\"link\" data-id=\"www.buergerverein-mondorf.de\">www.buergerverein-mondorf.de<\/a>).<\/p>\n\n\n\n<p>Im Anschluss bedankte sich Marko G\u00f6tsch bei G\u00fcnter Korte, der nun nach \u00fcber 20 Jahren hervorragender Vorstandsarbeit seinen wohlverdienten Ruhestand vom B\u00fcrgerverein genie\u00dfen kann. Zudem wurde Cornelia Richter aus dem Vorstand verabschiedet, die aus beruflichen Gr\u00fcnden nicht mehr aktiv mitwirken kann. In den letzten Jahren ist die Zahl der Vorstandsmitglieder stark gestiegen, was einerseits sehr erfreulich ist, aber auch die Grenzen aufzeigt, effektiv miteinander arbeiten zu k\u00f6nnen. Daher hat man die Satzung ge\u00e4ndert und die Zahl auf 16 begrenzt, was mit den Austritten nun erreicht ist.<\/p>\n\n\n\n<p>Nach den Berichten der Gesch\u00e4ftsf\u00fchrerin Karin G\u00f6ldner und dem Kassierer Stefan D\u00fcx konnte der Vorstand entlastet werden. Zur Wiederwahl standen die Kassenpr\u00fcfer und mehrere Vorstandsmitglieder, die allesamt ihre Dienste wieder anbieten und einstimmig wiedergew\u00e4hlt wurden. Einen Wechsel gab es in der Gesch\u00e4ftsf\u00fchrung. Frank L\u00fcrenbaum \u00fcbernimmt den Posten von Karin G\u00f6ldner, die dem Vorstand jedoch weiterhin erhalten bleibt.<\/p>\n\n\n\n<p>Im Anschluss wurde \u00fcber die Aktivit\u00e4ten des letzten Jahres berichtet. Pr\u00e4sentiert wurden diese \u00fcber einen Gro\u00dfbildschirm, um den Anwesenden den gesamten Umfang zu verdeutlichen. Vielen war gar nicht bewusst, was der B\u00fcrgerverein so alles auf die Beine stellt. Neben den gut laufenden Veranstaltungen wie Seniorenfest und Kunstmesse, die Teilnahme am Weihnachtsmarkt und Feierabend-Markt bzw. Aktionen wie zu Halloween, Jahreskalender und T-Shirt-Spende an die Erstkl\u00e4ssler der Grundschule Mondorf bezog man sich auf das traditionelle Wiesenfest, das im vergangenen Jahr zum ersten Mal auf dem Parkplatz an der Rheinallee stattfand. Die Entscheidung war goldrichtig, denn am Samstag feierten hunderte ausgelassene G\u00e4ste bis sp\u00e4t in den Abend hinein. Der Sonntag war leider komplett verregnet, was der tollen Stimmung jedoch keinen Abbruch tat.<\/p>\n\n\n\n<p>Voller Tatendrang geht der B\u00fcrgerverein das kommende Gesch\u00e4ftsjahr an und freut sich jetzt schon, gemeinsam Traditionen zu erhalten und neue Wege zu gehen, ihr Heimatdorf weiterhin so attraktiv darzustellen, wie es seit Jahrzehnten auch schon ist. Geplant sind zum Beispiel zwei Selfie-Points am Rhein, um den vielen G\u00e4sten im sch\u00f6nen Mondorf den B\u00fcrgerverein ein wenig n\u00e4her zu bringen. Des Weiteren wird im Eingangsbereich der neuen Praxis des Allgemeinarztes Dominik P\u00fctz im Neubau des Ortskerns ein Defibrillator installiert.<\/p>\n\n\n\n<h2 class=\"wp-block-heading has-text-align-center\"><strong>Vorstand 2026\/2027<\/strong><\/h2>\n\n\n\n<figure class=\"wp-block-image size-large\"><img loading=\"lazy\" decoding=\"async\" width=\"1024\" height=\"682\" src=\"http:\/\/www.buergerverein-mondorf.de\/wp-content\/uploads\/2026\/05\/VS_2026_2027-1024x682.jpg\" alt=\"\" class=\"wp-image-1918\" srcset=\"https:\/\/www.buergerverein-mondorf.de\/wp-content\/uploads\/2026\/05\/VS_2026_2027-1024x682.jpg 1024w, https:\/\/www.buergerverein-mondorf.de\/wp-content\/uploads\/2026\/05\/VS_2026_2027-300x200.jpg 300w, https:\/\/www.buergerverein-mondorf.de\/wp-content\/uploads\/2026\/05\/VS_2026_2027-90x60.jpg 90w, https:\/\/www.buergerverein-mondorf.de\/wp-content\/uploads\/2026\/05\/VS_2026_2027.jpg 1280w\" sizes=\"auto, (max-width: 1024px) 100vw, 1024px\" \/><\/figure>\n\n\n\n<p>Foto Vorstand B\u00fcrgerverein Mondorf:(stehend von links nach rechts) Stefan Rathjen, Martin Franken, Sandra Chavet, Karin Wessel, Karin G\u00f6ldner, Swen Odenthal, Michael Pollak, Bianca Dziamski, Lukas Odenthal, Sebastian Wessel.\n(sitzend von links nach rechts): Christina Bensberg, Bernhard \u201eShorty\u201c Paul, Stefan D\u00fcx, Marko G\u00f6tsch, Frank L\u00fcrenbaum, Frank Linek.<\/p>\n\n\n\n<p><\/p>\n","protected":false},"excerpt":{"rendered":"<p>JHV des B\u00fcrgerverein Mondorf. Frank L\u00fcrenbaum neuer Gesch\u00e4ftsf\u00fchrer, G\u00fcnter Korte verabschiedet. Zum ersten Mal fand die Jahreshauptversammlung des B\u00fcrgerverein Mondorf in der Begegnungsst\u00e4tte f\u00fcr Seniorinnen und Senioren statt. Jens Babiak, 1. Vorsitzender des VFSSN und langj\u00e4hriges Vorstandsmitglied des BVM, pr\u00e4sentierte eine optimale Location f\u00fcr die Veranstaltung, die mit fast 60 Teilnehmern wieder sehr gut besucht war. Zu Beginn bedankte sich<\/p>\n","protected":false},"author":6,"featured_media":0,"parent":16,"menu_order":0,"comment_status":"closed","ping_status":"closed","template":"","meta":{"footnotes":""},"class_list":["post-1921","page","type-page","status-publish","hentry"],"publishpress_future_action":{"enabled":false,"date":"2026-05-22 17:12:28","action":"change-status","newStatus":"draft","terms":[],"taxonomy":"","extraData":[]},"publishpress_future_workflow_manual_trigger":{"enabledWorkflows":[]},"_links":{"self":[{"href":"https:\/\/www.buergerverein-mondorf.de\/index.php\/wp-json\/wp\/v2\/pages\/1921","targetHints":{"allow":["GET"]}}],"collection":[{"href":"https:\/\/www.buergerverein-mondorf.de\/index.php\/wp-json\/wp\/v2\/pages"}],"about":[{"href":"https:\/\/www.buergerverein-mondorf.de\/index.php\/wp-json\/wp\/v2\/types\/page"}],"author":[{"embeddable":true,"href":"https:\/\/www.buergerverein-mondorf.de\/index.php\/wp-json\/wp\/v2\/users\/6"}],"replies":[{"embeddable":true,"href":"https:\/\/www.buergerverein-mondorf.de\/index.php\/wp-json\/wp\/v2\/comments?post=1921"}],"version-history":[{"count":9,"href":"https:\/\/www.buergerverein-mondorf.de\/index.php\/wp-json\/wp\/v2\/pages\/1921\/revisions"}],"predecessor-version":[{"id":1930,"href":"https:\/\/www.buergerverein-mondorf.de\/index.php\/wp-json\/wp\/v2\/pages\/1921\/revisions\/1930"}],"up":[{"embeddable":true,"href":"https:\/\/www.buergerverein-mondorf.de\/index.php\/wp-json\/wp\/v2\/pages\/16"}],"wp:attachment":[{"href":"https:\/\/www.buergerverein-mondorf.de\/index.php\/wp-json\/wp\/v2\/media?parent=1921"}],"curies":[{"name":"wp","href":"https:\/\/api.w.org\/{rel}","templated":true}]}}