{"id":1679,"date":"2023-10-18T14:10:01","date_gmt":"2023-10-18T12:10:01","guid":{"rendered":"http:\/\/www.buergerverein-mondorf.de\/?page_id=1679"},"modified":"2026-03-11T17:35:26","modified_gmt":"2026-03-11T16:35:26","slug":"kunstmesse-2025","status":"publish","type":"page","link":"http:\/\/www.buergerverein-mondorf.de\/","title":{"rendered":"Kunstmesse 2026"},"content":{"rendered":"\n<p>Nach den sehr erfolgreichen Veranstaltungen in den vergangenen Jahren freut sich der B\u00fcrgerverein Mondorf, den interessierten B\u00fcrgerinnen und B\u00fcrgern B\u00fcrgern am 14. und 15. M\u00e4rz 2026 wieder die beliebte \u201eKunstmesse&#8220; anbieten zu d\u00fcrfen.<\/p>\n\n\n\n<p>Am Samstag startet die Veranstaltung in der Alfred-Delp-Realschule in Mondorf ab 13.00 Uhr, um 14.00 Uhr wird unser B\u00fcrgermeister die G\u00e4ste begr\u00fc\u00dfen. Da in diesem Jahr wieder die Mensa als Ausstellungsfl\u00e4che zur Verf\u00fcgung steht, kann ein gro\u00dfes und vielf\u00e4ltiges Sortiment an Exponaten angeboten werden. Am Sonntag \u00f6ffnet die Kunstmesse wie gewohnt um 11.00 Uhr seine Pforten und die ausstellenden K\u00fcnstler freuen sich jetzt schon auf einen regen Austausch bez\u00fcglich ihrer Werke. Beendet wird die Messe an beiden Tagen jeweils um 18.00 Uhr.<\/p>\n\n\n\n<p>Als Highlight wird am Sonntag um 14.00 Uhr der 1. Akkordeon-Club Niederkassel e.V. ein Konzert geben, der Eintritt ist nat\u00fcrlich frei.<\/p>\n\n\n\n<p>Die vom B\u00fcrgerverein Mondorf ausgerichtete Cafeteria ist \u00fcber den gesamten Zeitraum ge\u00f6ffnet und bietet neben selbstgemachten Kuchen auch Waffeln und herzhafte Kleinigkeiten an.<\/p>\n\n\n\n<p><\/p>\n\n\n\n<figure class=\"wp-block-gallery has-nested-images columns-default is-cropped wp-block-gallery-1 is-layout-flex wp-block-gallery-is-layout-flex\">\n<figure class=\"wp-block-image size-full\"><a href=\"https:\/\/app.gawaana.com\/helper\/login\/RFOzy5u5xf1opsJ9mlH4sn\"><img loading=\"lazy\" decoding=\"async\" width=\"1678\" height=\"2362\" data-id=\"1864\" src=\"https:\/\/www.buergerverein-mondorf.de\/wp-content\/uploads\/2026\/03\/1000678212-1.jpg\" alt=\"\" class=\"wp-image-1864\" srcset=\"http:\/\/www.buergerverein-mondorf.de\/wp-content\/uploads\/2026\/03\/1000678212-1.jpg 1678w, http:\/\/www.buergerverein-mondorf.de\/wp-content\/uploads\/2026\/03\/1000678212-1-213x300.jpg 213w, http:\/\/www.buergerverein-mondorf.de\/wp-content\/uploads\/2026\/03\/1000678212-1-727x1024.jpg 727w, http:\/\/www.buergerverein-mondorf.de\/wp-content\/uploads\/2026\/03\/1000678212-1-1091x1536.jpg 1091w, http:\/\/www.buergerverein-mondorf.de\/wp-content\/uploads\/2026\/03\/1000678212-1-1455x2048.jpg 1455w\" sizes=\"auto, (max-width: 1678px) 100vw, 1678px\" \/><\/a><\/figure>\n<\/figure>\n\n\n\n<h4 class=\"wp-block-heading\">Hallo Mondorf!<\/h4>\n\n\n\n<p>Freut ihr euch auch schon auf unsere Kunstmesse am 14. und 15.M\u00e4rz?<\/p>\n\n\n\n<p>Damit sie wie immer gut \u00fcber die B\u00fchne geht, brauchen wir DICH als Unterst\u00fctzung. Sei es beim Auf- oder Abbau, in der Cafeteria, an der Pommesstation, oder an der Sp\u00fcltheke.<\/p>\n\n\n\n<p>Eine Kuchenspende nehmen wir auch gerne an. Und wie immer: Alle Einnahmen gehen 100% ins Dorf an euch zur\u00fcck.<\/p>\n\n\n\n<p>Hilfst Du mit, damit unsere Veranstaltung ein Erfolg wird? Dann klicke doch auf > <a href=\"https:\/\/app.gawaana.com\/helper\/login\/RFOzy5u5xf1opsJ9mlH4sn\" target=\"_blank\" rel=\"noopener\">Gawanna<\/a> &lt; und oder auf den Link und trage Dich ein.<\/p>\n\n\n\n<p><a href=\"https:\/\/app.gawaana.com\/helper\/login\/RFOzy5u5xf1opsJ9mlH4sn\">https:\/\/app.gawaana.com\/helper\/login\/RFOzy5u5xf1opsJ9mlH4sn<\/a><\/p>\n\n\n\n<p>Wir w\u00fcrden uns sehr freuen!<\/p>\n\n\n\n<h6 class=\"wp-block-heading\">Euer B\u00fcrgerverein Mondorf e. V.<\/h6>\n\n\n\n<p><\/p>\n","protected":false},"excerpt":{"rendered":"<p>Nach den sehr erfolgreichen Veranstaltungen in den vergangenen Jahren freut sich der B\u00fcrgerverein Mondorf, den interessierten B\u00fcrgerinnen und B\u00fcrgern B\u00fcrgern am 14. und 15. M\u00e4rz 2026 wieder die beliebte \u201eKunstmesse&#8220; anbieten zu d\u00fcrfen. Am Samstag startet die Veranstaltung in der Alfred-Delp-Realschule in Mondorf ab 13.00 Uhr, um 14.00 Uhr wird unser B\u00fcrgermeister die G\u00e4ste begr\u00fc\u00dfen. Da in diesem Jahr wieder<\/p>\n","protected":false},"author":5,"featured_media":0,"parent":0,"menu_order":0,"comment_status":"closed","ping_status":"closed","template":"","meta":{"footnotes":""},"class_list":["post-1679","page","type-page","status-publish","hentry"],"publishpress_future_action":{"enabled":false,"date":"2026-05-06 16:04:44","action":"change-status","newStatus":"draft","terms":[],"taxonomy":"","extraData":[]},"publishpress_future_workflow_manual_trigger":{"enabledWorkflows":[]},"_links":{"self":[{"href":"http:\/\/www.buergerverein-mondorf.de\/index.php\/wp-json\/wp\/v2\/pages\/1679","targetHints":{"allow":["GET"]}}],"collection":[{"href":"http:\/\/www.buergerverein-mondorf.de\/index.php\/wp-json\/wp\/v2\/pages"}],"about":[{"href":"http:\/\/www.buergerverein-mondorf.de\/index.php\/wp-json\/wp\/v2\/types\/page"}],"author":[{"embeddable":true,"href":"http:\/\/www.buergerverein-mondorf.de\/index.php\/wp-json\/wp\/v2\/users\/5"}],"replies":[{"embeddable":true,"href":"http:\/\/www.buergerverein-mondorf.de\/index.php\/wp-json\/wp\/v2\/comments?post=1679"}],"version-history":[{"count":42,"href":"http:\/\/www.buergerverein-mondorf.de\/index.php\/wp-json\/wp\/v2\/pages\/1679\/revisions"}],"predecessor-version":[{"id":1881,"href":"http:\/\/www.buergerverein-mondorf.de\/index.php\/wp-json\/wp\/v2\/pages\/1679\/revisions\/1881"}],"wp:attachment":[{"href":"http:\/\/www.buergerverein-mondorf.de\/index.php\/wp-json\/wp\/v2\/media?parent=1679"}],"curies":[{"name":"wp","href":"https:\/\/api.w.org\/{rel}","templated":true}]}}

<p>Nach den sehr erfolgreichen Veranstaltungen in den vergangenen Jahren freut sich der Bürgerverein Mondorf, den interessierten Bürgerinnen und Bürgern Bürgern am 14. und 15. März 2026 wieder die beliebte „Kunstmesse&#8220; anbieten zu dürfen.</p>



<p>Am Samstag startet die Veranstaltung in der Alfred-Delp-Realschule in Mondorf ab 13.00 Uhr, um 14.00 Uhr wird unser Bürgermeister die Gäste begrüßen. Da in diesem Jahr wieder die Mensa als Ausstellungsfläche zur Verfügung steht, kann ein großes und vielfältiges Sortiment an Exponaten angeboten werden. Am Sonntag öffnet die Kunstmesse wie gewohnt um 11.00 Uhr seine Pforten und die ausstellenden Künstler freuen sich jetzt schon auf einen regen Austausch bezüglich ihrer Werke. Beendet wird die Messe an beiden Tagen jeweils um 18.00 Uhr.</p>



<p>Als Highlight wird am Sonntag um 14.00 Uhr der 1. Akkordeon-Club Niederkassel e.V. ein Konzert geben, der Eintritt ist natürlich frei.</p>



<p>Die vom Bürgerverein Mondorf ausgerichtete Cafeteria ist über den gesamten Zeitraum geöffnet und bietet neben selbstgemachten Kuchen auch Waffeln und herzhafte Kleinigkeiten an.</p>



<p></p>



<figure class="wp-block-gallery has-nested-images columns-default is-cropped wp-block-gallery-1 is-layout-flex wp-block-gallery-is-layout-flex">
<figure class="wp-block-image size-full"><a href="https://app.gawaana.com/helper/login/RFOzy5u5xf1opsJ9mlH4sn"><img loading="lazy" decoding="async" width="1678" height="2362" data-id="1864" src="https://www.buergerverein-mondorf.de/wp-content/uploads/2026/03/1000678212-1.jpg" alt="" class="wp-image-1864" srcset="http://www.buergerverein-mondorf.de/wp-content/uploads/2026/03/1000678212-1.jpg 1678w, http://www.buergerverein-mondorf.de/wp-content/uploads/2026/03/1000678212-1-213x300.jpg 213w, http://www.buergerverein-mondorf.de/wp-content/uploads/2026/03/1000678212-1-727x1024.jpg 727w, http://www.buergerverein-mondorf.de/wp-content/uploads/2026/03/1000678212-1-1091x1536.jpg 1091w, http://www.buergerverein-mondorf.de/wp-content/uploads/2026/03/1000678212-1-1455x2048.jpg 1455w" sizes="auto, (max-width: 1678px) 100vw, 1678px" /></a></figure>
</figure>



<h4 class="wp-block-heading">Hallo Mondorf!</h4>



<p>Freut ihr euch auch schon auf unsere Kunstmesse am 14. und 15.März?</p>



<p>Damit sie wie immer gut über die Bühne geht, brauchen wir DICH als Unterstützung. Sei es beim Auf- oder Abbau, in der Cafeteria, an der Pommesstation, oder an der Spültheke.</p>



<p>Eine Kuchenspende nehmen wir auch gerne an. Und wie immer: Alle Einnahmen gehen 100% ins Dorf an euch zurück.</p>



<p>Hilfst Du mit, damit unsere Veranstaltung ein Erfolg wird? Dann klicke doch auf > <a href="https://app.gawaana.com/helper/login/RFOzy5u5xf1opsJ9mlH4sn" target="_blank" rel="noopener">Gawanna</a> &lt; und oder auf den Link und trage Dich ein.</p>



<p><a href="https://app.gawaana.com/helper/login/RFOzy5u5xf1opsJ9mlH4sn">https://app.gawaana.com/helper/login/RFOzy5u5xf1opsJ9mlH4sn</a></p>



<p>Wir würden uns sehr freuen!</p>



<h6 class="wp-block-heading">Euer Bürgerverein Mondorf e. V.</h6>



<p></p>

<p>Nach den sehr erfolgreichen Veranstaltungen in den vergangenen Jahren freut sich der Bürgerverein Mondorf, den interessierten Bürgerinnen und Bürgern Bürgern am 14. und 15. März 2026 wieder die beliebte „Kunstmesse&#8220; anbieten zu dürfen. Am Samstag startet die Veranstaltung in der Alfred-Delp-Realschule in Mondorf ab 13.00 Uhr, um 14.00 Uhr wird unser Bürgermeister die Gäste begrüßen. Da in diesem Jahr wieder</p>
